te the remainder when 99 is divided by (51/(-2))/(z - 2/(-4)).
48
Let r = -20 - -22. Suppose -3*l - 4*x - 2 = 0, -3*x + x = 2*l - r. Calculate the remainder when 7 is divided by l.
1
Let o = -12 - -27. Suppose 0*s + 3*p = 3*s - o, 2*s + 2*p = -2. Let m(c) = 2*c**2 - 1. What is the remainder when 27 is divided by m(s)?
6
Let z(p) = 9*p**2 + 15*p - 2. Calculate the remainder when z(3) is divided by 35.
19
Let a(l) be the second derivative of -5*l**3/6 - 3*l**2 + 4*l. Suppose 0 = -3*f + 9, 3*z + 36 = -5*f + 213. What is the remainder when z is divided by a(-4)?
12
Let x be ((-5)/3)/(1/(-18)) - -2. Let c = -9 + x. Calculate the remainder when 89 is divided by c.
20
Let x(q) = -q**3 + 2*q**2 + 64. What is the remainder when 637 is divided by x(0)?
61
Let w(k) = -k**3 + 10*k**2 + 6*k. Let t be w(5). Suppose -127 = 4*z - t. What is the remainder when 12 is divided by z?
5
Suppose -26*r = -32*r + 408. Calculate the remainder when r is divided by 24.
20
Suppose 8*a + 56 = 608. Let v = 36 - 26. What is the remainder when a is divided by v?
9
Suppose -q = -4*s + 64, 39 = 3*s - q - 8. Calculate the remainder when s is divided by 8.
1
Calculate the remainder when (4 - 4 - 0) + (-94)/(-2) is divided by 1/(0 - -2)*24.
11
Suppose 0 = 5*y + 5*y - 1490. Let w = -93 + y. Calculate the remainder when w is divided by 19.
18
Suppose -2*q - 2*u + 82 = 0, 2*q - 24 = 5*u + 86. Calculate the remainder when 494 is divided by q.
44
Let u(p) = p**2 - 5*p + 24. What is the remainder when 92 is divided by u(7)?
16
Suppose f - 45 + 38 = 0. Calculate the remainder when 138 is divided by f.
5
Suppose -2*p - 78 = -4*n, -n - 5*p + 20 - 6 = 0. Suppose -22 + n = -u. Calculate the remainder when 11 is divided by u.
2
Suppose 44*w = 37*w + 1281. What is the remainder when w is divided by 59?
6
Let p(s) = 6*s**2 - 2*s - 1. What is the remainder when 10 is divided by p(1)?
1
Let p(o) = 25*o**2 + 25*o + 47. Calculate the remainder when p(-2) is divided by 17.
12
Suppose 0 = -3*t + g + 2 + 5, -5*g + 22 = 4*t. Suppose -t*j = 2*r - 4*r + 321, -128 = -r - 5*j. Calculate the remainder when r is divided by 26.
23
Let b(i) = 3*i - 16. Let j be b(7). Let v be (-1)/(-3)*j*12. Suppose 0 = 6*l - 11*l + v. What is the remainder when 13 is divided by l?
1
Let f(b) be the third derivative of b**6/120 + b**4/24 + 23*b**3/6 - 3*b**2. Suppose -20 = 5*i - 80. What is the remainder when f(0) is divided by i?
11
Calculate the remainder when 88 is divided by 2/11 + (-21)/154*-138.
12
Let d(r) = -29*r + 16. What is the remainder when d(-6) is divided by 42?
22
Suppose w - 23 + 8 = 0. Suppose -17*m + 81 = -14*m. Calculate the remainder when m is divided by w.
12
Let c(u) = -u**3 - 3*u**2 + u - 1. Let t be c(-2). Suppose 0 = -0*g + 8*g + 96. Let o = t - g. Calculate the remainder when 8 is divided by o.
3
Let z be 68/10 - (-1)/5. Suppose -z*x - 14 = -9*x. Suppose 0 = 3*k - 5*t - 43, x*k - 3*k + 4*t - 4 = 0. Calculate the remainder when k is divided by 5.
1
Let h = 56 + -2. Suppose y + 0*y = h. What is the remainder when 6/9*y/4 is divided by 4?
1
Suppose 0 = 7*l - 10*l + 171. Let c = 64 - 49. Calculate the remainder when l is divided by c.
12
Suppose 0 = 3*a - a - 16. Suppose -29 = 3*t + 31. What is the remainder when (44/(-12))/(t/(-12) + -2) is divided by a?
3
Let x(u) = -2*u**2 - 20*u - 9. What is the remainder when 87 is divided by x(-7)?
21
Suppose -8*r = -294 - 34. What is the remainder when 46 - (r/(-13) + 30/195) is divided by 25?
24
Suppose 6*a - 4 = 32. Calculate the remainder when 21 is divided by a.
3
Let m(c) = 2*c**3 - 26*c**2 + 11*c - 57. What is the remainder when m(13) is divided by 38?
10
Let w be (-51)/(-2)*4/6. Let h = 5 - w. Let v(z) = -z - 9. Calculate the remainder when v(h) is divided by 1.
0
Let c be ((-36)/15)/(15/(-100)). Suppose 142 = 5*s + 3*k - c, 3*k = -12. What is the remainder when s is divided by 12?
10
Let u(t) = -71*t**3 - t. Let b be -5*((-16)/(-20) + -3). Suppose -4*i = -b*i + 105. What is the remainder when u(-1) is divided by i?
12
Let u = -430 - -668. Calculate the remainder when u is divided by 15.
13
Let v(h) = 2*h**3 + 38*h**2 - 44*h - 8. What is the remainder when v(-20) is divided by 26?
20
Suppose 0*b + 20 = 5*b. Suppose -6*f + 8 = -b*f. Suppose -f = 3*o - 5*p - 2, 0 = -5*o - 2*p + 38. What is the remainder when 14 is divided by o?
2
Suppose -2*g + 4 = 8. What is the remainder when 276/14 + g/(-7) is divided by (14/(-14))/(2/(-22))?
9
Let w = 2107 - 2090. Suppose 2*f = -17 + 145. What is the remainder when f is divided by w?
13
Let q = -43 + 73. Suppose 0 = 2*s + g - 33 - 12, -2*g = -s + q. Calculate the remainder when 119 is divided by s.
23
Let h = 24 + -1. Let m = h + -15. Suppose 2*d = 41 + 5. What is the remainder when d is divided by m?
7
Let f be 0/12 + 1 + 2. Let c = 7 - 15. Let a = f - c. Calculate the remainder when 41 is divided by a.
8
Let x be (-1)/(1/(-5) - 0). Suppose x*n + 53 = 3*m, -m + 4*n + 27 = -0*m. What is the remainder when m is divided by 4?
3
Let l = -11 - -1. Calculate the remainder when (16/(-24))/((-4)/282) is divided by 2 - (l + 2 + -2).
11
Suppose -62 = -c - 15. Suppose 2*j - 3*d - c - 44 = 0, j - 44 = d. What is the remainder when j is divided by 15?
11
Let d = 33 + 59. What is the remainder when d is divided by 26?
14
Let c(j) = j**2 - 9*j + 3 + 14*j - 3*j. Calculate the remainder when c(4) is divided by 2 + 3*4 + 1.
12
Suppose 0*d + 24 = 4*d. Let h be (-13 - 0)/((-2)/(-2)). Let b = -4 - h. What is the remainder when b is divided by d?
3
Let w(t) = -t**3 + 3*t**2 + 2*t + 1. Let p be 152 + (7 - (2 - -2)). Let j = p - 108. What is the remainder when j is divided by w(-2)?
13
What is the remainder when 173 is divided by (0 + (-40)/15)/(12/(-234))?
17
Suppose -5*p = -25, p = 2*u - 70 - 67. Suppose -17 = 2*z - u. What is the remainder when (427 + 1)*(-116)/(-464) is divided by z?
26
Let r = -223 + 239. What is the remainder when (-4 + 2 - -63) + -1 is divided by r?
12
Let j be (-6 - -5)*(-2 + (-54)/3). Suppose u - 69 = -2*g - 19, -j = -5*u. What is the remainder when 41 is divided by g?
18
Let l(m) = 18*m. Let t be l(1). Let g = t + -12. Calculate the remainder when (-6)/9*(388/(-8) + 14) is divided by g.
5
Suppose -3*o + 344 = o - 2*n, 2*o = -4*n + 162. What is the remainder when o is divided by 43?
42
What is the remainder when 69*10/30*(1 + 3) is divided by (-4)/10 - (-291)/15?
16
Suppose 3607 - 151 = 12*g. What is the remainder when g is divided by 49?
43
Let g be (-2)/(-10) + 2288/(-65). Let u = g - -76. Calculate the remainder when u is divided by 13.
2
What is the remainder when 98 is divided by 1102/95 - 6/10?
10
Suppose 0 = 2*u + 5 - 11. Suppose 0 = -g + 4, u*g + g - 2 = t. What is the remainder when 38 is divided by t?
10
What is the remainder when 522/(((-54)/8)/(-9)) - -3 is divided by 25?
24
Let d be 4/18 - 13657/(-63). Let p = d + -95. Suppose 0 = -4*r + p - 38. Calculate the remainder when 81 is divided by r.
18
Suppose -180 = 5*c - 2*c. Let n = 102 + c. Suppose 5*q = 18 + n. What is the remainder when 21 is divided by q?
9
Let t = -69 - -137. Let b(k) = k**2 - 2100*k - 16858. Calculate the remainder when (t/6)/(1/3) is divided by b(-8).
4
Let a(y) = 2*y**3 - y**2 - 5*y. Let v be a(-7). Calculate the remainder when (36/21)/(((-16)/v)/2) is divided by 38.
36
Let k be ((-156)/91)/((-4)/14) - 3. Suppose k*z + 2*w = 29, 4*w = 5*z + 2 - 21. Calculate the remainder when 24 is divided by z.
3
Calculate the remainder when 144 - (-4)/2*-1 is divided by 18.
16
Let m(g) = -g**3 + 8*g**2 - 41*g + 229. What is the remainder when m(6) is divided by 16?
7
Suppose 0 = 23*q - 961 - 1454. Suppose 0 = a - 0*a + 4*k - 44, -2*a - 3*k = -78. Calculate the remainder when q is divided by a.
33
Let u = -1 + 21. Let r(m) = -m**3 - 11*m**2 + 10*m - 16. Let k be r(-12). What is the remainder when (-228)/(-8)*k/6 is divided by u?
18
Let x(a) = -a**2 + 6*a + 2. Let c be x(6). Suppose c*f - 5 = 57. Calculate the remainder when 86 is divided by f.
24
Let h = -166 - -252. Calculate the remainder when h is divided by 8.
6
Calculate the remainder when 134 is divided by (1 + -5)*(18 + -25).
22
Let m(g) = -g - 3. Let s be m(-5). Suppose -y - 3*o = s*o - 26, -o - 30 = -2*y. Calculate the remainder when 63 is divided by y.
15
Suppose -2*j + 5*u = -71, u +